{"id":6015,"date":"2023-03-17T13:50:07","date_gmt":"2023-03-17T13:50:07","guid":{"rendered":"https:\/\/ewosbedding.com\/?page_id=6015"},"modified":"2023-03-17T13:53:48","modified_gmt":"2023-03-17T13:53:48","slug":"garanti-ve-iade","status":"publish","type":"page","link":"https:\/\/ewosbedding.com\/?page_id=6015","title":{"rendered":"Garanti Ve \u0130ade"},"content":{"rendered":"<p>[vc_row][vc_column]\n\t\t<div id=\"wd-6414707ae0b0e\" class=\"title-wrapper  woodmart-title-color-default woodmart-title-style-default woodmart-title-width-100 text-center woodmart-title-size-medium \">\n\t\t\t\n\t\t\t<div class=\"liner-continer\">\n\t\t\t\t<span class=\"left-line\"><\/span>\n\t\t\t\t<h4 class=\"woodmart-title-container title  woodmart-font-weight-\" >Garanti ve \u0130ade <\/h4>\t\t\t\t\t\t\t\t<span class=\"right-line\"><\/span>\n\t\t\t<\/div>\n\t\t\t\n\t\t\t\n\t\t\t\t\t<\/div>\n\t\t\n\t\t[vc_column_text text_larger=&#8221;no&#8221;]<\/p>\n<p class=\"vc_custom_heading\">ewos.com ve ma\u011fazalar\u0131m\u0131zda sat\u0131lan t\u00fcm \u00fcr\u00fcnler EWOS garantisi alt\u0131ndad\u0131r. \u00dcr\u00fcnlerimiz 2 y\u0131l garantilidir. Sat\u0131n ald\u0131\u011f\u0131n\u0131z \u00fcr\u00fcnlerde garanti kapsam\u0131nda meydana gelecek sorunlar yetkili servislerimiz taraf\u0131ndan giderilecektir. EWOS garanti ile ilgili sorunlar\u0131n\u0131zda size yol g\u00f6sterecek.<br \/>\nGaranti kapsam\u0131nda kalabilmesi i\u00e7in sat\u0131n ald\u0131\u011f\u0131n\u0131z \u00fcr\u00fcnlerin sizin taraf\u0131n\u0131zdan zarara u\u011frat\u0131lmam\u0131\u015f olmas\u0131 gerekmektedir.<\/p>\n<p><strong>\u0130ade \u015eartlar\u0131<br \/>\n<\/strong>ewos.com ve ma\u011fazalar\u0131m\u0131zdan sat\u0131n ald\u0131\u011f\u0131n\u0131z \u00fcr\u00fcnleri a\u015fa\u011f\u0131da belirtilen ko\u015fullar \u00e7er\u00e7evesinde nedenini belirterek iade edebilirsiniz.<br \/>\n\u0130ade i\u015flemi, \u00fcr\u00fcn\u00fcn size teslim edilmesi ile ba\u015flar ve fatura tarihini takip eden on (10) g\u00fcn i\u00e7in ge\u00e7erlidir.<br \/>\n\u0130ade edilecek \u00fcr\u00fcn aksesuar vb. par\u00e7alar\u0131yla birlikte eksiksiz bir \u015fekilde teslim edilmesi gerekmektedir. \u0130ade edilecek \u00fcr\u00fcn\u00fcn &#8220;Garanti \u015eartlar\u0131&#8221; b\u00f6l\u00fcm\u00fcndeki<br \/>\n\u0130ade \u015fartlar\u0131na tamamen uymas\u0131 gerekmektedir. \u0130ade i\u015flemi \u00e7er\u00e7evesinde olu\u015facak masraflar (sevkiyat vs.) m\u00fc\u015fteriye aittir. Ancak \u00fcr\u00fcn\u00fcn kusurlu \u00e7\u0131kmas\u0131 durumunda iade masraflar\u0131 EWOS taraf\u0131ndan kar\u015f\u0131lan\u0131r.<br \/>\n\u0130ade i\u015flemi, \u00fcr\u00fcn\u00fcn EWOS&#8217;a ula\u015fmas\u0131yla ba\u015flar. EWOS ekibi iade i\u015flemini de\u011ferlendirip k\u0131sa bir s\u00fcre i\u00e7eresinde size sonu\u00e7 ile ilgili bilgi verecektir.<br \/>\n\u0130ade ko\u015fullar\u0131na uygun yap\u0131lan iadelerle ilgili i\u015flemin sonu\u00e7lanmas\u0131 ve \u00f6dedi\u011finiz tutar\u0131n hesab\u0131n\u0131za veya kredi kart\u0131n\u0131za aktar\u0131lmas\u0131 ortalama be\u015f (5) i\u015f g\u00fcn\u00fc s\u00fcrmektedir.<br \/>\nNot: \u00d6zel \u00fcr\u00fcn tasar\u0131m\u0131 olarak yapt\u0131r\u0131lan \u00fcr\u00fcnlerde iade i\u015flemi yap\u0131lmamaktad\u0131r.[\/vc_column_text][\/vc_column][\/vc_row][vc_row][vc_column][\/vc_column][\/vc_row]<\/p>\n","protected":false},"excerpt":{"rendered":"<p>[vc_row][vc_column][vc_column_text text_larger=&#8221;no&#8221;] ewos.com ve ma\u011fazalar\u0131m\u0131zda sat\u0131lan t\u00fcm \u00fcr\u00fcnler EWOS garantisi alt\u0131ndad\u0131r. \u00dcr\u00fcnlerimiz 2 y\u0131l garantilidir. Sat\u0131n ald\u0131\u011f\u0131n\u0131z \u00fcr\u00fcnlerde garanti kapsam\u0131nda<\/p>\n","protected":false},"author":1,"featured_media":0,"parent":0,"menu_order":0,"comment_status":"closed","ping_status":"closed","template":"","meta":{"footnotes":""},"class_list":["post-6015","page","type-page","status-publish","hentry"],"_links":{"self":[{"href":"https:\/\/ewosbedding.com\/index.php?rest_route=\/wp\/v2\/pages\/6015","targetHints":{"allow":["GET"]}}],"collection":[{"href":"https:\/\/ewosbedding.com\/index.php?rest_route=\/wp\/v2\/pages"}],"about":[{"href":"https:\/\/ewosbedding.com\/index.php?rest_route=\/wp\/v2\/types\/page"}],"author":[{"embeddable":true,"href":"https:\/\/ewosbedding.com\/index.php?rest_route=\/wp\/v2\/users\/1"}],"replies":[{"embeddable":true,"href":"https:\/\/ewosbedding.com\/index.php?rest_route=%2Fwp%2Fv2%2Fcomments&post=6015"}],"version-history":[{"count":4,"href":"https:\/\/ewosbedding.com\/index.php?rest_route=\/wp\/v2\/pages\/6015\/revisions"}],"predecessor-version":[{"id":6019,"href":"https:\/\/ewosbedding.com\/index.php?rest_route=\/wp\/v2\/pages\/6015\/revisions\/6019"}],"wp:attachment":[{"href":"https:\/\/ewosbedding.com\/index.php?rest_route=%2Fwp%2Fv2%2Fmedia&parent=6015"}],"curies":[{"name":"wp","href":"https:\/\/api.w.org\/{rel}","templated":true}]}}